at are the prime factors of 983444702?
2, 821, 598931
List the prime factors of 117307840.
2, 5, 13, 163, 173
What are the prime factors of 3532845?
3, 5, 235523
What are the prime factors of 17567416?
2, 191, 11497
List the prime factors of 89183147.
89183147
List the prime factors of 4356690612.
2, 3, 363057551
What are the prime factors of 442651676?
2, 193, 573383
List the prime factors of 1115394871.
17, 151, 389, 1117
What are the prime factors of 3387375290?
2, 5, 13, 17, 19, 80671
What are the prime factors of 116548727?
116548727
What are the prime factors of 202165703?
202165703
What are the prime factors of 30771259?
30771259
What are the prime factors of 111306356?
2, 7, 113, 127, 277
What are the prime factors of 1695131708?
2, 31, 13670417
List the prime factors of 877400554.
2, 10501, 41777
List the prime factors of 35697744.
2, 3, 247901
What are the prime factors of 19423288?
2, 2427911
List the prime factors of 25471327.
7, 23, 97, 233
List the prime factors of 231471641.
643, 359987
What are the prime factors of 49062652?
2, 3307, 3709
List the prime factors of 1912202920.
2, 5, 37, 1292029
List the prime factors of 472513601.
7, 193, 367, 953
What are the prime factors of 1711576438?
2, 11, 13, 5984533
List the prime factors of 117661122.
2, 3, 6536729
What are the prime factors of 39826082?
2, 19913041
List the prime factors of 673439354.
2, 7, 4111, 11701
List the prime factors of 6593157086.
2, 47, 70139969
What are the prime factors of 204316100?
2, 5, 139, 14699
List the prime factors of 45836162.
2, 823, 27847
List the prime factors of 1245967212.
2, 3, 7, 61, 73, 3331
What are the prime factors of 16006209?
3, 5335403
List the prime factors of 228325831.
19, 12017149
List the prime factors of 169744441.
853, 198997
List the prime factors of 590039095.
5, 241, 489659
List the prime factors of 320823123.
3, 31, 257, 433
What are the prime factors of 150423524?
2, 241, 156041
List the prime factors of 533278826.
2, 47, 5673179
What are the prime factors of 37457829?
3, 1387327
List the prime factors of 1064815750.
2, 5, 4259263
List the prime factors of 12091033.
12091033
List the prime factors of 4846214462.
2, 47, 51555473
List the prime factors of 39975755.
5, 17, 470303
What are the prime factors of 349189054?
2, 37, 4718771
What are the prime factors of 3735586902?
2, 3, 17, 43, 103, 8269
List the prime factors of 2217844278.
2, 3, 13, 97, 97711
List the prime factors of 314976463.
314976463
What are the prime factors of 164862936?
2, 3, 7, 109, 3001
List the prime factors of 113650213.
421, 269953
What are the prime factors of 533771206?
2, 31, 373, 23081
What are the prime factors of 3778207826?
2, 157, 12032509
What are the prime factors of 74997210?
2, 3, 5, 2499907
List the prime factors of 1034626446.
2, 3, 7, 29, 10487
List the prime factors of 3422382.
2, 3, 109, 5233
What are the prime factors of 8198331226?
2, 17, 107, 21061
List the prime factors of 107189738.
2, 53594869
What are the prime factors of 4767591?
3, 1109, 1433
List the prime factors of 6475658.
2, 7, 462547
What are the prime factors of 169562136?
2, 3, 7065089
List the prime factors of 194984840.
2, 5, 19, 173, 1483
List the prime factors of 5291732178.
2, 3, 31, 2341, 4051
What are the prime factors of 122088761?
23, 5308207
What are the prime factors of 782574352?
2, 7, 6987271
What are the prime factors of 74483959?
11, 23, 294403
List the prime factors of 84086026.
2, 449, 93637
What are the prime factors of 942347696?
2, 58896731
What are the prime factors of 9722682?
2, 3, 540149
What are the prime factors of 626219983?
626219983
What are the prime factors of 164759172?
2, 3, 17, 31, 26053
List the prime factors of 2046868283.
47, 43550389
List the prime factors of 199105783.
199105783
List the prime factors of 194845979.
73, 2669123
What are the prime factors of 1037483?
491, 2113
List the prime factors of 551775817.
17, 47, 690583
What are the prime factors of 14351826?
2, 3, 47, 50893
List the prime factors of 286272605.
5, 17, 23, 127, 1153
List the prime factors of 1017837531.
3, 109, 919, 1129
What are the prime factors of 184158123?
3, 263, 233407
List the prime factors of 859975494.
2, 3, 7, 89, 230063
List the prime factors of 136415106.
2, 3, 17, 89, 5009
What are the prime factors of 270955004?
2, 29, 31, 151, 499
List the prime factors of 595177788.
2, 3, 29, 271, 6311
What are the prime factors of 144489285?
3, 5, 1070291
What are the prime factors of 2864268354?
2, 3, 19, 2267, 11083
What are the prime factors of 64455762?
2, 3, 7, 1534661
List the prime factors of 499671790.
2, 5, 5639, 8861
List the prime factors of 69560019.
3, 2576297
What are the prime factors of 47296435?
5, 9459287
List the prime factors of 49530104.
2, 13, 47, 10133
List the prime factors of 8365941147.
3, 71, 39276719
List the prime factors of 23085029.
11, 2098639
List the prime factors of 974662661.
7, 31, 4491533
List the prime factors of 6491049634.
2, 3245524817
List the prime factors of 1050897203.
59, 61, 291997
What are the prime factors of 213834223?
3491, 61253
What are the prime factors of 244129273?
244129273
What are the prime factors of 6440018?
2, 13, 247693
What are the prime factors of 4420896155?
5, 13, 17, 19, 29, 53, 137
What are the prime factors of 299360861?
299360861
What are the prime factors of 2821020065?
5, 564204013
What are the prime factors of 4995522?
2, 3, 7, 41, 967
List the prime factors of 77240953.
293, 263621
What are the prime factors of 415238151?
3, 138412717
What are the prime factors of 549371954?
2, 331, 829867
What are the prime factors of 46393178?
2, 13, 1784353
List the prime factors of 44674986.
2, 3, 7445831
List the prime factors of 132548290.
2, 5, 7, 73, 25939
List the prime factors of 5904933194.
2, 29, 101809193
What are the prime factors of 77763941?
19, 4092839
List the prime factors of 229209969.
3, 76403323
What are the prime factors of 83904253?
23, 347, 10513
List the prime factors of 320419542.
2, 3, 53403257
What are the prime factors of 77654974?
2, 59, 199, 3307
What are the prime factors of 509542489?
6287, 81047
What are the prime factors of 784062794?
2, 9623, 40739
What are the prime factors of 493026559?
493026559
List the prime factors of 89409255.
3, 5, 13, 43, 10663
What are the prime factors of 1468456359?
3, 489485453
What are the prime factors of 120316997?
120316997
What are the prime factors of 551034225?
3, 5, 7, 139, 839
List the prime factors of 440382604.
2, 3659, 30089
What are the prime factors of 170271867?
3, 56757289
List the prime factors of 43523679.
3, 863, 16811
What are the prime factors of 196685516?
2, 49171379
List the prime factors of 24676153.
24676153
What are the prime factors of 8224137?
3, 43, 79, 269
What are the prime factors of 31543355?
5, 6308671
What are the prime factors of 263547481?
17, 101, 9029
List the prime factors of 161778975.
3, 5, 211, 10223
List the prime factors of 2574594203.
4261, 604223
What are the prime factors of 483477097?
19, 233, 109211
List the prime factors of 2751559712.
2, 11, 7816931
List the prime factors of 444040162.
2, 23, 2311, 4177
List the prime factors of 278026414.
2, 31, 701, 6397
What are the prime factors of 170265395?
5, 199, 211, 811
List the prime factors of 3918403.
89, 44027
List the prime factors of 174521293.
47, 3713219
What are the prime factors of 3716833643?
67, 827987
What are the prime factors of 11880975?
3, 5, 157, 1009
What are the prime factors of 35892848?
2, 17, 131959
List the prime factors of 32608508.
2, 193, 42239
What are the prime factors of 131996475?
3, 5, 13, 45127
List the prime factors of 48797238.
2, 3, 7, 131, 181
What are the prime factors of 23221835?
5, 7, 13, 23, 317
List the prime factors of 31125901.
31125901
What are the prime factors of 27255898?
2, 41, 61, 5449
List the prime factors of 254169203.
197, 1290199
What are the prime factors of 839516686?
2, 419758343
List the prime factors of 119151335.
5, 4217, 5651
What are the prime factors of 3335764?
2, 641, 1301
What are the prime factors of 2081807802?
2, 3, 59, 1960271
What are the prime factors of 3162781?
41, 77141
List the prime factors of 70617669.
3, 991, 23753
What are the prime factors of 762903